 the prime factors of y?
757
Let i(l) = 10*l**2 - 12*l + 704. What are the prime factors of i(24)?
2, 193
Let i(d) = -17*d**3 + 7*d + 13. Let a be i(-4). Let u = a + -764. List the prime factors of u.
3, 103
Let q be 3 + -3 + -12 + 3. List the prime factors of 0 - (q + -2 - (-1 - 2)).
2
Let c be (-1*(0 + -5))/1. Suppose c*m - 10 = 0, -122 + 349 = g + 5*m. Suppose -g - 77 = -6*h. List the prime factors of h.
7
Suppose 11*r - 9*r - 4*t = 316, -4*r + 632 = -5*t. Suppose -5*p - 1887 + r = -4*a, -3*p - 1293 = -3*a. List the prime factors of a.
2, 3, 71
Let a = -2144 + 3256. Suppose 0 = n + j - a, 3339 = 3*n - 8*j + 10*j. What are the prime factors of n?
5, 223
Let n = 139 - 136. Suppose -n*q - 6*q + 1782 = 0. Suppose i = 3*c - q, -2*c - i = -0*c - 137. List the prime factors of c.
67
Suppose -1783*s + 1787*s - 4*w = 163668, s + w = 40933. What are the prime factors of s?
5, 1637
Let g = -28 + 20. List the prime factors of ((-102)/4 - 1)*(g - 2).
5, 53
Suppose -77 + 17 = -4*b. Let z be b/6 + (3 - 21/6). What are the prime factors of z/7 - (813/(-21) + 1)?
2, 19
Let y = -33564 + 57167. What are the prime factors of y?
23603
Suppose 0 = 3*u - 0*u - 6. Let o be u/(-4) + 125/(-10). Let h = 2 - o. List the prime factors of h.
3, 5
Suppose 3*h = 3*b + 6045, -4*h - 8015 = -8*h - 5*b. Let p = 3026 - h. What are the prime factors of p?
2, 127
Let d = 5249 + -1826. Suppose -15*c + 12*c = -d. List the prime factors of c.
7, 163
Suppose 4*c = -h + 11733, 0 = 2*h + 371*c - 373*c - 23506. What are the prime factors of h?
31, 379
Let m = 220 - -5. Let v = m - -452. List the prime factors of v.
677
Suppose -3*s + 49477 = -2*v, -17940 = -5*s - 2*v + 64543. List the prime factors of s.
5, 3299
Suppose -67*a + 1504 = -63*a. Suppose k - a = -3. List the prime factors of k.
373
Let o(t) = -t + 15. Let w be o(14). Let l = 271 - w. List the prime factors of l.
2, 3, 5
Let n = -15693 + 34763. List the prime factors of n.
2, 5, 1907
Let r = -9889 - -31585. What are the prime factors of r?
2, 3, 113
Let f be ((15 - 0)/(6/4))/(-2). What are the prime factors of 2/f + (5 - (-9360)/25)?
379
Suppose 0 = 382*m + 53*m - 40903485. List the prime factors of m.
7, 19, 101
Suppose 3*d - 20 + 8 = 0. Suppose 5*n = -3*x + 25, -d*n - 15 = -5*x - 7*n. List the prime factors of (-25)/(1 + -2 + x).
5
Suppose 3*i = -u + 5, 8*u - 5*u = i - 5. Suppose -i*m = -2*t + 2514, 4*m = -84*t + 81*t + 3806. What are the prime factors of t?
2, 631
Let c(k) = -2*k**2 - 12*k - 3. Suppose -m + 14 = 6*m. Let v be ((-396)/(-8))/(-11) + 1/m. What are the prime factors of c(v)?
13
Suppose -499*g + 24075207 + 20776909 = 0. List the prime factors of g.
2, 23, 977
Suppose -3713 - 13423 = 36*a. Let x = a - -1031. What are the prime factors of x?
3, 5, 37
Let f(x) = 3*x**3 - 11*x**2 + 50*x + 595. Let z(q) = -2*q**3 + 7*q**2 - 33*q - 397. Let l(b) = -5*f(b) - 8*z(b). List the prime factors of l(0).
3, 67
What are the prime factors of 4/(-42)*-108684 + (-36)/42 + 1?
11, 941
Let k be 0 - 71/(-23) - 12/138. Let j(g) = -g**2 - 1. Let n(a) = -5*a**3 - 9*a**2 + 4*a - 12. Let h(p) = 5*j(p) - n(p). What are the prime factors of h(k)?
2, 83
Let y(q) = 94*q**2 - 351*q - 25. What are the prime factors of y(8)?
3, 1061
Suppose -4*r - 180*a - 3 = -179*a, a + 3 = 0. Let y(u) = 48*u**2 - 3*u - 2. Let j be y(-2). Suppose 2*d - j = -r*d. What are the prime factors of d?
2, 7
Suppose -2*k - 5*l + 68 = -4*l, k = 3*l + 48. Suppose -45*u + 828 = -k*u. List the prime factors of u.
2, 23
Suppose 0 = -13*u + 43*u - 240. Suppose 3637 = 4*h + p, -3*p + 1831 = 10*h - u*h. What are the prime factors of h?
2, 227
Let n be (-70 - 3) + (-9 - -7). Let l = n - -372. What are the prime factors of l?
3, 11
Let v be -3278*1 + 3 + 3. What are the prime factors of 2/7 - v/(-28)*-2?
2, 3, 13
Let i(c) = c**3 - 4*c**2 + 11. Let f be i(3). Suppose 2*k + 5*r - 164 = r, -4*k = -f*r - 298. List the prime factors of k.
2, 19
Let s(m) = 68*m - 25. Let r(i) = 203*i - 72. Let b(z) = -3*r(z) + 8*s(z). List the prime factors of b(-8).
2, 67
Suppose -3*p - 2*v = -21641, 74*p - 69*p = -4*v + 36069. List the prime factors of p.
7213
What are the prime factors of (-369088)/(-64) - (7 - -2)?
2, 2879
Suppose -2*h - 44 = -4*w, 3*w - 44 = -w + h. Suppose -8338 = -w*b - 2904. List the prime factors of b.
2, 13, 19
Let n = -18 + 13. Let c be (-50)/35 - (-6)/14 - n. Let u(h) = -h**2 + 6*h - 4. What are the prime factors of u(c)?
2
Let f = 114 - 105. Suppose -2*m + 10 = 0, -5*s - 1728 = -f*s + 4*m. List the prime factors of s.
19, 23
Let t = -8000 + 16047. What are the prime factors of t?
13, 619
Suppose 0 = -a + 3*d + 17213, -26*a + 31*a = d + 85967. What are the prime factors of a?
2, 7, 307
Suppose -5*d + 50870 = -5*n, -2*d + 47*n + 20342 = 44*n. What are the prime factors of d?
2, 5, 509
Suppose -3*p + 173 = -5*y, -62 = 4*p - 2*y - 274. Let c(h) = -17 - 27 + p - 42*h. List the prime factors of c(-2).
7, 13
Let m = 273 + -116. Suppose 5*x - 29 = -59, f = x + 10. Suppose f*c - m = 3*c. List the prime factors of c.
157
Suppose -1086761 - 2560879 = -110*z + 5487310. List the prime factors of z.
5, 17, 977
Suppose 0 = w + w - 166. Let b = 212 - w. List the prime factors of b.
3, 43
Let j = 20 - -24. Let a = 208 + j. What are the prime factors of a?
2, 3, 7
Let f(s) = 746*s - 2206. What are the prime factors of f(71)?
2, 3, 5, 47
Suppose -6*k - 5*z = -51923, -20539 = -5*k + 2*z + 22761. List the prime factors of k.
2, 3, 13, 37
Let p = 33299 - 21768. What are the prime factors of p?
13, 887
Suppose 11780 = 4*s - j, -63*s - 3*j - 8835 = -66*s. What are the prime factors of s?
5, 19, 31
Let j = -2954 - -1695. Let c = 1881 + j. List the prime factors of c.
2, 311
Let a be (1/(-2)*2)/(9/27). Let f be (a/(-18)*-2)/((-1)/(-291)). Let j = -34 - f. List the prime factors of j.
3, 7
Suppose -4*f - 10*f = 60102. Let s = 6067 + f. List the prime factors of s.
2, 887
Suppose -17 = 2*s + 57. Let g = 51 + s. List the prime factors of 4/g - (-892)/14.
2
What are the prime factors of (-12)/36 + 11738/6?
2, 3, 163
Suppose 22*y = 5*y + 1275. Suppose 4*a + 3*k = 81 + 54, 0 = -2*a - 3*k + y. List the prime factors of a.
2, 3, 5
Suppose -1544*z + 108974 = 5*n - 1545*z, 5*z + 43608 = 2*n. What are the prime factors of n?
2, 17, 641
Let n(w) = 2*w - 1. Let l be n(2). Let m(y) = 20 + y**l + 17*y**2 - 5*y + 9*y - 3*y + 0*y. What are the prime factors of m(-17)?
3
Suppose -590 = -2*i + 4*m, 4*i = 3*m - 413 + 1588. Suppose -t + v = -1478, -2*t + 2666 = v - i. What are the prime factors of t?
3, 17, 29
Let h = 11534 + -5119. What are the prime factors of h?
5, 1283
Suppose -6*t - 24*t = -1873050. Suppose -32*i - 12931 = -t. List the prime factors of i.
7, 13, 17
Suppose 5*w = -3*a + 19183, -4*w + 10161 + 5187 = 2*a. List the prime factors of w.
11, 349
Let o(z) = 6*z**3 + z + 19*z**3 + 4*z**2 + 0 + 13 - 26*z**3. List the prime factors of o(-8).
773
Let s(q) = q**3 + 39*q**2 + 38*q - 85. What are the prime factors of s(-28)?
5, 13, 23
Let l be (3 - -7348)*1*(1 + 0). Suppose -w = 3*a + l, -5*a + 2*a = -5*w + 7363. What are the prime factors of a/(-38) - 2/4?
2
Let m(l) = l**3 - 9*l**2 - 29*l + 71. Let i be m(14). Let x = -296 + i. List the prime factors of x.
349
Suppose -2*d = -d, 4*d = -4*m - 511132. List the prime factors of m/(-477) + (-1)/(-9).
2, 67
Let i be (18/(-15))/(18/(-30)). Suppose 2*v - 366 = 2*d, -i*d + 186 = v - 0*v. What are the prime factors of v?
2, 23
List the prime factors of 2/(-3) - (-2190573)/297.
5, 59
Let i(k) = 7*k**2 + k. Let y(q) = 72*q**2 - 10*q + 22. Let l(v) = -10*i(v) + y(v). Suppose s + 0*s - 12 = 0. What are the prime factors of l(s)?
2, 5, 7
Suppose 0 = 2*j + 2*j + 136. Let t be 7/(-4)*(-2 - -6). Let c = t - j. List the prime factors of c.
3
Let o be 16/(-56) - (-2709)/49. What are the prime factors of 29170/22 - (-5)/o?
2, 3, 13, 17
Let m(y) = 77*y**3 - y. Let g be m(-1). Let r = -79 - g. What are the prime factors of 6/(-5 - r) - 249/(-3)?
2, 5
Suppose 91*v - 154320 - 452379 = -153974. What are the prime factors of v?
5, 199
Let a(r) = r**3 + 2*r**2 - 2*r + 1. Let v be a(-2). Suppose -2*c + 22 = v*n, 5*c - 22 = -n + 5*n. Let i(p) = 51*p - 11. List the prime factors of i(c).
5, 59
Let x = 35 - 27. Suppose 2*g = -x, -g = 4*p - 0*g + 1748. What are the prime factors of (p